{"id":93,"date":"2015-04-22T12:51:24","date_gmt":"2015-04-22T12:51:24","guid":{"rendered":"http:\/\/demo.shufflehound.com\/maskitto-light-green\/?page_id=93"},"modified":"2025-04-14T13:57:48","modified_gmt":"2025-04-14T12:57:48","slug":"facultes","status":"publish","type":"page","link":"https:\/\/uni-jpm-hinche.org\/index.php\/facultes\/","title":{"rendered":"Facult\u00e9s"},"content":{"rendered":"<div id=\"pl-93\"  class=\"panel-layout\" ><div id=\"pg-93-0\"  class=\"panel-grid panel-no-style\" ><div id=\"pgc-93-0-0\"  class=\"panel-grid-cell\" ><div id=\"panel-93-0-0-0\" class=\"so-panel widget widget_sow-editor panel-first-child panel-last-child\" data-index=\"0\" ><div\n\t\t\t\n\t\t\tclass=\"so-widget-sow-editor so-widget-sow-editor-base\"\n\t\t\t\n\t\t><h3 class=\"widget-title\">Programmes par facult\u00e9<\/h3>\n<div class=\"siteorigin-widget-tinymce textwidget\">\n\t<ul>\n<li>Sciences juridiques\n<ul>\n<li><a href=\"https:\/\/uni-jpm-hinche.org\/index.php\/facultes\/maitrise-en-droit-des-affaires\/\">Ma\u00eetrise en droit des affaires<\/a><\/li>\n<li>Ma\u00eetrise en Ficalit\u00e9<\/li>\n<\/ul>\n<\/li>\n<li>Sciences infirmi\u00e8res\n<ul>\n<li>Licence en Sciences infirmi\u00e8res<\/li>\n<\/ul>\n<\/li>\n<li>Sciences administratives\n<ul>\n<li>Licence en science politique<\/li>\n<li>Licence en Gestion d'entreprise<\/li>\n<li>Licence en Comptabilit\u00e9<\/li>\n<\/ul>\n<\/li>\n<li>G\u00e9nie Civil\n<ul>\n<li>Licence en G\u00e9nie Civil<\/li>\n<\/ul>\n<\/li>\n<li>Th\u00e9ologie protestante\n<ul>\n<li>Licence en Th\u00e9ologie<\/li>\n<\/ul>\n<\/li>\n<li>Sciences Agronomiques\n<ul>\n<li>Licence en Ressources Naturelles<\/li>\n<li>Licence en\u00a0 Production v\u00e9g\u00e9tale<\/li>\n<li>Licence en Production animale<\/li>\n<\/ul>\n<\/li>\n<\/ul>\n<\/div>\n<\/div><\/div><\/div><\/div><\/div>","protected":false},"excerpt":{"rendered":"<p>Sciences juridiques Ma\u00eetrise en droit des affaires Ma\u00eetrise en Ficalit\u00e9 Sciences infirmi\u00e8res Licence en Sciences infirmi\u00e8res Sciences administratives Licence en science politique Licence en Gestion d&rsquo;entreprise Licence en Comptabilit\u00e9 G\u00e9nie Civil Licence en G\u00e9nie Civil Th\u00e9ologie protestante Licence en Th\u00e9ologie Sciences Agronomiques Licence en Ressources Naturelles Licence en\u00a0 Production v\u00e9g\u00e9tale Licence en Production animale<\/p>\n","protected":false},"author":1,"featured_media":0,"parent":0,"menu_order":0,"comment_status":"closed","ping_status":"closed","template":"","meta":{"footnotes":""},"class_list":["post-93","page","type-page","status-publish","hentry"],"_links":{"self":[{"href":"https:\/\/uni-jpm-hinche.org\/index.php\/wp-json\/wp\/v2\/pages\/93","targetHints":{"allow":["GET"]}}],"collection":[{"href":"https:\/\/uni-jpm-hinche.org\/index.php\/wp-json\/wp\/v2\/pages"}],"about":[{"href":"https:\/\/uni-jpm-hinche.org\/index.php\/wp-json\/wp\/v2\/types\/page"}],"author":[{"embeddable":true,"href":"https:\/\/uni-jpm-hinche.org\/index.php\/wp-json\/wp\/v2\/users\/1"}],"replies":[{"embeddable":true,"href":"https:\/\/uni-jpm-hinche.org\/index.php\/wp-json\/wp\/v2\/comments?post=93"}],"version-history":[{"count":14,"href":"https:\/\/uni-jpm-hinche.org\/index.php\/wp-json\/wp\/v2\/pages\/93\/revisions"}],"predecessor-version":[{"id":719,"href":"https:\/\/uni-jpm-hinche.org\/index.php\/wp-json\/wp\/v2\/pages\/93\/revisions\/719"}],"wp:attachment":[{"href":"https:\/\/uni-jpm-hinche.org\/index.php\/wp-json\/wp\/v2\/media?parent=93"}],"curies":[{"name":"wp","href":"https:\/\/api.w.org\/{rel}","templated":true}]}}